ommon factor of 8620 and 20?
20
Calculate the greatest common factor of 238320 and 2160.
720
Calculate the greatest common factor of 2544 and 120.
24
What is the highest common divisor of 2021 and 564?
47
What is the greatest common divisor of 225 and 251325?
225
What is the greatest common factor of 72445 and 5?
5
What is the highest common factor of 2550 and 2002515?
255
What is the greatest common factor of 1154691 and 306?
153
What is the highest common factor of 2223095 and 532?
133
Calculate the highest common divisor of 48327 and 1335.
267
Calculate the highest common divisor of 193662 and 9.
9
Calculate the greatest common factor of 19480 and 210871.
487
What is the greatest common factor of 20 and 596240?
20
Calculate the greatest common divisor of 279 and 127689.
93
What is the greatest common factor of 86 and 1247?
43
Calculate the greatest common factor of 8352 and 1131.
87
Calculate the greatest common divisor of 114798 and 318.
318
Calculate the greatest common divisor of 351 and 231283.
13
What is the greatest common factor of 5357 and 44?
11
What is the highest common factor of 44 and 15191?
11
What is the greatest common factor of 61885 and 10?
5
Calculate the highest common divisor of 936 and 1449.
9
Calculate the highest common factor of 46765 and 1592.
199
What is the highest common factor of 171075 and 125?
25
What is the highest common divisor of 1350 and 157650?
150
What is the greatest common factor of 135460 and 4030?
130
What is the greatest common divisor of 11 and 11429?
11
What is the highest common divisor of 228 and 564?
12
Calculate the greatest common factor of 200 and 1125700.
100
What is the greatest common factor of 2 and 9722?
2
Calculate the highest common factor of 8028 and 375532.
892
Calculate the greatest common factor of 26 and 514.
2
Calculate the highest common factor of 370 and 5291.
37
What is the highest common divisor of 873684 and 504?
252
Calculate the highest common divisor of 20 and 388420.
20
What is the highest common divisor of 45 and 9035?
5
Calculate the greatest common divisor of 2217925 and 7900.
1975
Calculate the greatest common divisor of 454308 and 85.
17
Calculate the highest common factor of 114 and 52392.
6
What is the greatest common divisor of 1109537 and 26?
13
What is the highest common factor of 5200 and 625?
25
Calculate the greatest common factor of 6 and 90624.
6
What is the highest common factor of 996980 and 1264?
316
Calculate the highest common factor of 59193 and 846.
9
Calculate the greatest common factor of 10147 and 1807.
139
What is the greatest common divisor of 534 and 114294?
6
What is the highest common factor of 64699 and 7372?
97
What is the highest common factor of 57880 and 40?
40
Calculate the highest common divisor of 1032 and 91461.
129
What is the highest common divisor of 6 and 61792?
2
What is the greatest common divisor of 6 and 149418?
6
What is the greatest common divisor of 401613 and 1062?
177
What is the highest common factor of 5012253 and 9855?
1971
Calculate the highest common factor of 95411 and 657.
73
What is the highest common factor of 3 and 237315?
3
Calculate the greatest common divisor of 30 and 2739930.
30
What is the highest common factor of 8 and 34000?
8
What is the highest common factor of 29268 and 906?
6
What is the greatest common factor of 410 and 17155?
5
Calculate the highest common factor of 7 and 4329059.
7
What is the greatest common factor of 275835 and 60?
15
What is the highest common divisor of 366 and 150243?
183
What is the highest common divisor of 4350 and 20010?
870
Calculate the greatest common divisor of 223641 and 319.
11
What is the highest common divisor of 35900 and 270?
10
Calculate the highest common divisor of 134 and 222842.
134
What is the highest common divisor of 278 and 4693891?
139
What is the greatest common factor of 1269761 and 46?
23
Calculate the greatest common divisor of 230925 and 2925.
75
What is the highest common divisor of 9334 and 52?
26
Calculate the highest common factor of 384 and 253184.
128
Calculate the greatest common divisor of 2250 and 215100.
450
What is the highest common divisor of 212 and 4474684?
212
What is the highest common factor of 21430 and 1220?
10
What is the greatest common factor of 1 and 13476?
1
What is the greatest common divisor of 19227 and 20553?
663
What is the greatest common divisor of 174624 and 4601?
107
Calculate the greatest common divisor of 10986 and 3966.
6
Calculate the greatest common divisor of 1398 and 669.
3
Calculate the highest common divisor of 3515 and 211470.
95
What is the greatest common divisor of 426 and 598246?
142
What is the greatest common divisor of 8 and 165652?
4
Calculate the highest common divisor of 136 and 508164.
68
Calculate the greatest common divisor of 1168139 and 266.
133
Calculate the greatest common divisor of 5160 and 33755.
215
What is the greatest common divisor of 740 and 4240?
20
What is the greatest common divisor of 1703625 and 125?
125
Calculate the greatest common divisor of 187 and 43571.
187
What is the highest common factor of 42 and 48132?
42
Calculate the greatest common divisor of 207 and 2.
1
Calculate the highest common factor of 460304 and 416.
208
Calculate the highest common divisor of 457 and 457.
457
What is the greatest common divisor of 883557 and 54?
9
Calculate the highest common factor of 42575 and 109385.
655
Calculate the greatest common divisor of 592122 and 664.
166
Calculate the highest common factor of 249704 and 2912.
728
What is the highest common divisor of 51 and 4021979?
17
What is the highest common factor of 5100 and 11950?
50
Calculate the highest common factor of 72012 and 180.
12
Calculate the highest common factor of 203894 and 388.
194
What is the highest common divisor of 18 and 105318?
18
What is the greatest common factor of 3506 and 32?
2
What is the greatest common factor of 25019 and 889?
127
Calculate the greatest common factor of 5978 and 244.
122
What is the greatest common divisor of 108 and 6932466?
54
Calculate the highest common factor of 4 and 8174.
2
What is the highest common factor of 376690 and 5?
5
What is the greatest common divisor of 37 and 277463?
37
Calculate the greatest common factor of 106 and 1802.
106
What is the highest common factor of 139 and 212809?
139
What is the greatest common factor of 19470 and 39028?
22
Calculate the highest common factor of 2091 and 1640.
41
What is the highest common factor of 1451388 and 316?
316
What is the greatest common divisor of 3033 and 30667?
337
Calculate the highest common factor of 57 and 285874.
19
Calculate the highest common divisor of 280 and 14520.
40
What is the greatest common factor of 2208 and 13216?
32
What is the highest common factor of 806 and 3666?
26
What is the highest common factor of 2806 and 31964?
122
Calculate the greatest common divisor of 6968 and 1072.
536
What is the highest common divisor of 404270 and 160?
10
Calculate the greatest common factor of 1078 and 5194.
98
Calculate the highest common factor of 45 and 17163.
9
What is the greatest common divisor of 976360 and 220?
220
What is the greatest common divisor of 40737 and 74?
37
Calculate the greatest common divisor of 49373 and 3977.
97
Calculate the greatest common factor of 83328 and 3255.
651
Calculate the highest common divisor of 9798 and 161.
23
What is the greatest common factor of 43 and 79507?
43
What is the greatest common factor of 459 and 19652?
17
Calculate the greatest common factor of 126258 and 198.
66
What is the highest common factor of 8984 and 8?
8
What is the highest common factor of 270 and 6444?
18
Calculate the greatest common divisor of 108 and 256176.
108
Calculate the highest common divisor of 589 and 19.
19
Calculate the greatest common factor of 19 and 8519714.
19
What is the greatest common factor of 1040537 and 397?
397
Calculate the highest common divisor of 338 and 975.
13
Calculate the highest common factor of 43848 and 29736.
504
What is the greatest common divisor of 9612 and 43521?
267
Calculate the highest common divisor of 19986 and 12.
6
Calculate the highest common divisor of 4424 and 2114.
14
What is the highest common factor of 11382 and 66?
6
What is the greatest co